
True
Let u = -204 + 339. Let c = u - 130. Suppose 0 = -3*s - c*l + 2611, 2*l + 478 = s - 407. Is s composite?
False
Suppose -3*d + 595681 = -442826. Is d a prime number?
True
Suppose -2*x - 2*w = 16, -w = 5*x + 2*w + 34. Let y = x + 7. Suppose -z + 1623 = y*z. Is z a composite number?
False
Let d(o) be the second derivative of o**5/20 + 3*o**4/4 + 43*o**3/6 - 6*o**2 + 16*o. Let m(i) be the first derivative of d(i). Is m(-14) a composite number?
False
Let b be 3/15 + 121/(-5). Let m be (b/(-42))/(2/35). Suppose m*j - 753 = 7*j. Is j composite?
False
Is 442200/2 + (439 - 438) composite?
False
Let u(a) = 563*a - 4. Suppose j = i - 12, -6*i - 3*j = -2*i - 83. Suppose -2*l = -i + 11. Is u(l) a prime number?
False
Let t(q) be the second derivative of 47/6*q**3 + 0 + 7*q + 11*q**2. Is t(9) a prime number?
False
Let a(x) be the third derivative of -5/2*x**3 + 31/24*x**4 - 7/20*x**5 + 27*x**2 + 0*x + 0 + 1/120*x**6. Is a(22) a composite number?
False
Suppose 2*d - 27 = -29. Let y(h) be the third derivative of -469*h**4/24 + 3*h**2. Is y(d) a prime number?
False
Let d(h) = -5*h + 44. Let v be d(8). Suppose -5*l - 4*x + 2*x = -13029, v*l - 10412 = 4*x. Is l a prime number?
False
Let n = -5996 - -19259. Let s = -3472 + n. Is s prime?
True
Suppose 43*n = 413378 + 1431279. Is n composite?
False
Let a(w) = -w**3 + 2*w**2 - 26*w + 2. Let i be a(-8). Is -5 - (4/(-1) - i) a composite number?
True
Let w be 38 - (-3)/9*-9. Let g = w - 86. Is (-34)/g + 199/3 composite?
False
Let q(l) = 2644*l**2 - 407*l - 29. Is q(8) a composite number?
False
Let j(v) = v**3 + 2*v**2 - 7*v - 4. Let m be j(3). Suppose 110 - m = -10*i. Is (-2 - (-879)/i)/((-3)/9) prime?
False
Suppose -i + 5*l + 5559 = 6*l, 4*i = l + 22256. Is i composite?
False
Let b(u) = -2*u**3 + 139*u**2 + 116*u + 153. Is b(68) prime?
False
Let h = 6533 + 1514. Suppose 53213 = 22*l + h. Is l prime?
True
Let n(k) = 543*k**2 + 6*k + 115. Is n(-8) prime?
True
Let d(r) = 2*r**2 - 17*r + 4. Let c be d(8). Let x be 3 - (-1 + c - -3). Suppose q - 9906 = -x*q. Is q a prime number?
False
Suppose 0 = -770*y + 603*y + 35773237. Is y prime?
True
Suppose 5*o - 4*l = -9*l + 50980, 2*l = -3*o + 30586. Let k = o - 6987. Is k a prime number?
False
Suppose -5*r - v - 10253 = -3590, 0 = 3*r - v + 3993. Let a = r + 2226. Suppose 16*m - a = 13*m. Is m a composite number?
True
Suppose -91675 = -42*t + 145709 - 28602. Is t prime?
False
Is -2*(2/8)/((-48)/67516896) prime?
True
Suppose 3*p - 407077 = -2*d, -d + 2*d + 678492 = 5*p. Is p composite?
False
Suppose -4*q + 3*x = -14, -8*q - 4*x = -6*q + 4. Let p be (15/q)/(39/52). Is (p + -68)*(-58)/4 composite?
True
Suppose u + 844527 - 223367 = 3*a, 3*u = -3*a + 621180. Is a prime?
False
Is (17/(-34))/((-5)/2123290) a composite number?
True
Suppose w - h = 782, w - 3*h + 0*h - 772 = 0. Let o = 1558 - w. Is o composite?
True
Let f(o) = -o**2 - 10*o + 1. Let k be f(-6). Suppose k*m = 37*m - 96684. Is m a prime number?
False
Let a = 2227 + 3011. Let z = -2076 + a. Let p = z + 349. Is p prime?
True
Let l(a) = 403*a**3 + 2*a + 4. Let n be l(2). Let o = -1103 + n. Is o prime?
True
Let b be 19056/(-10) + 4/(-10). Suppose -5*r + 17*r + 3*r - 49545 = 0. Let j = b + r. Is j a composite number?
True
Suppose -5*u = 3*j + 57 + 272, 311 = -5*u + 3*j. Is u/96 + ((-50891)/(-3))/1 a composite number?
False
Let x be (-24)/(-30) + -52882*2/(-20). Let r = 1980 + x. Is r prime?
False
Let s = 65 + -50. Let g be (666/5)/(6/s). Is g - (-4)/12*3 composite?
True
Let y(d) = 53*d**3 - 3*d**2 - 2*d - 7. Let s(j) = j**3 - 5*j**2 - 2*j + 13. Let w be s(5). Suppose -4*m + 2*c + 16 = 0, w + 4 = -m - 5*c. Is y(m) prime?
False
Suppose -w + 105 + 385 = -4*y, -y - 2545 = -5*w. Let o be (-2 + w + -2)*-1. Let l = 960 + o. Is l composite?
True
Let k = 111331 - 76892. Is k a prime number?
True
Suppose -4*l - 5*t + 89 = 0, -6*l - 3*t = -l - 108. Suppose -4*h + d = l, 4*h = -5*d - 0*d + 9. Let g(b) = -35*b - 9. Is g(h) a prime number?
True
Suppose -776034 = -3*s - 3*m, 2*s - 58*m - 517344 = -63*m. Is s prime?
False
Let q = -2 - 11. Let a(p) = -p**2 - 3*p + 23. Let g be a(q). Is (2 - (4 + g)) + 4 a prime number?
True
Let a(y) = 53*y**3 - 27*y**2 + 3*y + 219. Is a(14) a composite number?
False
Is (-2671321)/(-2) - ((-120)/(-48))/(-5) a prime number?
True
Suppose -982483 - 353686 = -4*t + 100107. Is t a prime number?
True
Suppose 50*t - 5475176 = -6*t. Is t a composite number?
False
Let g(q) = q**3 - 17*q**2 + 32*q + 24. Let f be g(15). Let n = 65 - f. Let i(v) = 15*v**2 - 16*v + 18. Is i(n) a composite number?
False
Let i = -1225953 - -2663720. Is i prime?
False
Suppose 5*g - 271*m - 38110 = -270*m, -m = -2*g + 15247. Is g prime?
True
Suppose 0 = 5*i + 3*g + 3389, 5*i - 5*g + 3383 = -6*g. Is -2 - (i - 6) - -3 a composite number?
False
Let t = -162185 + 275488. Is t composite?
True
Let r(s) = 1158*s - 758. Is r(8) a prime number?
False
Let w(d) = -3*d**3 - 7*d**2 + 8. Let p = -200 - -193. Is w(p) a prime number?
False
Is 19284507/145 + (-2)/(-5) composite?
True
Let y be 3/9 - (-29920)/60. Let r = 4252 + y. Is r a prime number?
True
Let j(g) = -g**2 - 22*g + 53. Let n be j(-25). Is n*(-6846)/36*3 - -2 composite?
False
Let k = 740 - 796. Is 7637 - ((-51)/21 - 24/k) composite?
False
Let c(m) = 5*m - 68. Let k be c(15). Suppose 27756 = k*q - 3*q + 2*i, i = 4*q - 27768. Is q a composite number?
True
Let t(w) = w + 43. Let q be t(-7). Let y = q - 36. Suppose -4*s + f + 1099 = y, 7*f + 289 = s + 2*f. Is s composite?
True
Let f = 245 + -202. Suppose f*o - 436011 + 99880 = 0. Is o prime?
True
Suppose -8*r + 6*r + 8 = 0. Suppose 4*o = r*v + 12, -v + 15 = 4*v + 5*o. Is (v + -2 - 683)*21/(-35) a composite number?
True
Let i(q) = 2*q**3 + q. Let n be i(1). Let m = -1499 + 1504. Suppose m*v - 2536 = -n*v. Is v a prime number?
True
Suppose 15*q - 32*q = -4*q - 881413. Is q a composite number?
False
Suppose 12*p = 8*p + 2*l - 88152, -4*p = 5*l + 88124. Let w = p + 32595. Is w composite?
False
Suppose -7*g + 537408 + 205363 = -2*u, -5*g = 3*u - 530564. Is g a composite number?
True
Let r(n) = -5*n**3 + 4*n**2 - 7*n - 11. Let x(y) = -8*y**2 + 11*y + 9. Let z be x(-1). Is r(z) prime?
False
Suppose 0 = -d + 5*q - 2 - 9, -q + 2 = 0. Suppose -2*i + 12 = 2*g, -2*g + 0 = -5*i + 2. Is i - 1/(d/47) composite?
True
Suppose 3*s + 3*d - 24897 = 0, 0*s - 5*d + 8279 = s. Suppose -12*c + 101268 = -s. Is c a composite number?
True
Let b(w) = w**3 - 6*w**2 - 17*w + 19. Suppose -5*z = -10*z + 60. Let t = 21 - z. Is b(t) prime?
True
Suppose 242*y - 121338358 = 146238864. Is y prime?
True
Let c(u) = 1705*u - 96. Let z be c(5). Suppose -12351 = -20*k + z. Is k a composite number?
False
Suppose 3*n - 3*p = 2*p + 24, -3*p = -4*n + 32. Suppose 0 = -n*w + 17 - 1. Suppose -1269 = -2*f + u, -571 - 68 = -f + w*u. Is f a prime number?
False
Let g = 384215 - 201192. Is g a prime number?
True
Is 2/17 + (-1771825)/(-289) prime?
True
Is 34*(45551/22 + 9) a prime number?
False
Let j be -8 - (-2143 + -8 - 0). Let f = -242 + j. Is f prime?
True
Let j(c) be the first derivative of -2955*c**2/2 - c - 60. Is j(-4) prime?
False
Let t(q) = -99*q - 15. Let u be t(-5). Let r = u + -673. Let i = r - -338. Is i a prime number?
False
Let x(t) = t**2 - 24*t + 47. Let z be x(22). Is (18190/z + -4)/(16/24) prime?
False
Let s(w) = 3*w**3 - 14*w**2 + 10*w - 9. Let z(m) = 2*m**3 - 13*m**2 + 9*m - 9. Let j(r) = -3*s(r) + 4*z(r). Suppose -b = -7*b - 66. Is j(b) prime?
False
Suppose a + a + 4*c - 10036 = 0, 5*a = -5*c + 25065. Let x = -1247 + a. Is x composite?
False
Let j = 93 - 108. Let y = j + -4. Let i(l) = -14*l - 55. Is i(y) prime?
True
Let l(r) = -r**2 - 11*r - 14. Suppose 4*q - 4*v = -32, -10 - 18 = 3*q + v. Let m be l(q). Suppose 0 = 5*z - 3*j - 381 + 37, -m*j - 347 = -5*z. Is z composite?
False
Suppose v = 4*b - 1685 - 48305, -b - 2*v = -12493. Is b composite?
False
Let b(h) = 813*h**2 - 202. Is b(19) prime?
False
Let b = 539 + -802. Let w = b - -886. Is w a prime number?
False
Suppose 303*t - 331*t = -21056. Let x be 578/(-6)*(-3)/(-1). Let o = t + x. Is o composite?
False
Let f(c) = 284*c - 5. Let u be -1 + (-19 + 0 - 0). Let h(w) = -2*w - 38. Let z be h(u). Is f(z) prime?
True
Let z be (42 + -45)*5*-1. Suppose 715 + 19700 = z*u. Is u a composite number?
False
Let x(d) = -274*d - 223. Is x